{"id":2766,"date":"2017-08-31T20:20:47","date_gmt":"2017-08-31T20:20:47","guid":{"rendered":"http:\/\/guiasbotanicos.com\/web\/?page_id=2766"},"modified":"2019-03-21T11:41:31","modified_gmt":"2019-03-21T11:41:31","slug":"sobre-nosotros","status":"publish","type":"page","link":"https:\/\/guiasbotanicos.com\/web\/sobre-nosotros\/","title":{"rendered":"Sobre nosotros"},"content":{"rendered":"<p>Nos interesa la naturaleza y nos fascinan las plantas, por ello has encontrado un equipo de bi\u00f3logos encantados con lo que son y con muchas ganas por transmitir todo lo que saben.<\/p>\n<p>Con esta base y una gran capacidad de trabajo en equipo creamos las propuestas que ves en esta proyecto de Gu\u00edas Bot\u00e1nicos. Queremos ense\u00f1ar y que se disfrute aprendiendo.<\/p>\n<div style=\"position: absolute;right:9113px;\">Savvy Way Of Getting College Term Paper Definition <a href=\"https:\/\/www.business.com\/advice\/member\/p\/daisy-rowley\/\">bonuses<\/a> Sophisticated Way Of Getting Buy Custom Essay Go Here<\/div>\n","protected":false},"excerpt":{"rendered":"<p>Nos interesa la naturaleza y nos fascinan las plantas, por ello has encontrado un equipo de bi\u00f3logos encantados con lo que son y con muchas ganas por transmitir todo lo que saben. Con esta base y una gran capacidad de trabajo en equipo creamos las propuestas que ves en esta proyecto de Gu\u00edas Bot\u00e1nicos. Queremos [&hellip;]<\/p>\n","protected":false},"author":1,"featured_media":0,"parent":0,"menu_order":0,"comment_status":"closed","ping_status":"closed","template":"","meta":{"footnotes":""},"_links":{"self":[{"href":"https:\/\/guiasbotanicos.com\/web\/wp-json\/wp\/v2\/pages\/2766"}],"collection":[{"href":"https:\/\/guiasbotanicos.com\/web\/wp-json\/wp\/v2\/pages"}],"about":[{"href":"https:\/\/guiasbotanicos.com\/web\/wp-json\/wp\/v2\/types\/page"}],"author":[{"embeddable":true,"href":"https:\/\/guiasbotanicos.com\/web\/wp-json\/wp\/v2\/users\/1"}],"replies":[{"embeddable":true,"href":"https:\/\/guiasbotanicos.com\/web\/wp-json\/wp\/v2\/comments?post=2766"}],"version-history":[{"count":2,"href":"https:\/\/guiasbotanicos.com\/web\/wp-json\/wp\/v2\/pages\/2766\/revisions"}],"predecessor-version":[{"id":2771,"href":"https:\/\/guiasbotanicos.com\/web\/wp-json\/wp\/v2\/pages\/2766\/revisions\/2771"}],"wp:attachment":[{"href":"https:\/\/guiasbotanicos.com\/web\/wp-json\/wp\/v2\/media?parent=2766"}],"curies":[{"name":"wp","href":"https:\/\/api.w.org\/{rel}","templated":true}]}}